- -5) + -11 + -10 + 16 + 9 + 2.
19
Evaluate (10 - (-2 + 1)) + (91 - (23 + 115)).
-36
Evaluate 3 + 33 + 30 - 104.
-38
What is the value of -24 + -86 + (64 - -1)?
-45
Evaluate (3 - 1) + (12 - (46 + 3 - 22)).
-13
Calculate 2 + -18 + -2 + 7 + (16 - 6) + -2.
-3
What is the value of 89 + (-123 - -66 - 151)?
-119
Calculate 31 - (126 - 102) - (0 - -50).
-43
Calculate (5 + -8 - 5 - -130) + -341 + 336.
117
Evaluate -149 + -7 - (801 + -885).
-72
Evaluate (-8 - -15 - 36 - -11) + (4 - 12) + 3.
-23
What is 20 + (-19 - -7 - 3) + 50?
55
What is 10 + -1 + -34 + -2 + -21?
-48
Calculate 369 + -362 + ((-1 - -2) + -8 - -3) + 27.
30
What is 9 + (92 - (41 - 21))?
81
What is 91 - 87 - (10 - 38)?
32
0 - (5 + -1) - (3 - 7 - (255 + -291))
-36
What is (193 - 170) + -47 + 0?
-24
What is 15 + (-23 + 0 - (-1901 + 1803))?
90
What is (110 - 31) + -98 + (0 - -93)?
74
(99 - 93) + (3 - (5 - 36)) + 8
48
Calculate -38 + 51 - (-13 + (52 - 3)).
-23
Evaluate 0 + -120 + (-206 - -159 - -67).
-100
Calculate 71 - ((0 - 9 - -1) + 10 - (-11 - -11)).
69
Evaluate 18 + 75 + (-2 - -1) + -7 - (-9 + 3).
91
Evaluate 10 + (3 + 3 - (-2 - -3) - (31 + -27)).
11
What is the value of 44 + 1 + -201 + (110 - 34)?
-80
What is the value of (7 - 0) + -47 + (-11 - -47)?
-4
-1 + -103 + (-94 - -299)
101
Evaluate (-221 - -130) + 15 + 103.
27
What is the value of -102 + 225 + -98 + 29?
54
What is the value of 6 + (0 - (-8 - -10)) + -7 + (-22 - 2)?
-27
What is the value of -5 + (147 - 113 - -75)?
104
What is the value of 10 - ((-11 - (18 + -6)) + -30) - -8?
71
What is the value of -20 - ((12 - -12 - 56) + 8)?
4
What is the value of -23 + 11 + 53 + -42?
-1
14 - (58 + 9 - 38)
-15
(156 - 67) + (-124 - 1)
-36
(5 + ((-6 - -7) + 9 - 16) - -2) + 72
73
Evaluate (-1 - -9) + -2 - (160 + -100 + 4).
-58
-2 + -20 - -23 - ((22 - 31) + 0 + -84)
94
What is the value of 239 + -258 - (11 + -72)?
42
Evaluate (-30 - -62) + -27 + 20 - -56.
81
Calculate -96 + -27 + 160 - 34.
3
(-1 - -58 - (51 + 18 + -58)) + 1 + 10
57
What is the value of (-28 - -36) + 1 + 0 - (-871 + 814)?
66
Calculate -31 + 20 + 2 + 48 - -13.
52
What is -36 + -14 + -8 + 22 + -4 + 5 - -3?
-32
What is -116 + (172 - 92) + (0 - 1) + 5?
-32
Calculate 0 - -9 - ((-107 - -58) + 15 + 6).
37
Calculate (993 - 1011) + (1 - -108) + (-20 - -17).
88
What is the value of (71 - (26 - -67)) + 144?
122
Calculate -29553 + 29534 + (0 - -164).
145
Calculate 2 + -53 + (-55 - -57).
-49
What is 92 + -14 + -34 + (2 - -19)?
65
-3143 + 3158 - (4 - (113 - (-2 + -2) - 4))
124
Calculate 9 + (16 - 53) - 4.
-32
What is the value of 15 + -34 + (27 - -1) + 50?
59
Evaluate -944 + 961 - (16 + -19 - (-34 - -1)).
-13
5 + -34 + (44 + -22 - 3) - (1 - -24)
-35
Evaluate -17 + 11 + -43 + 13 + 2.
-34
Calculate -1 + 43 + -5380 + 5378.
40
(0 - 56) + (50 - -61) + -110
-55
Evaluate -89 - -83 - 43 - -83.
34
Evaluate 98 + 73 + -147 - ((1 - 0) + 8 + -8).
23
Evaluate (8 - (5 + -81 + 3)) + 3 + (3 - 11).
76
-76 + 37 + 14 - -72
47
What is (-1 - (-5 + -59)) + -4 + -11?
48
What is 41 + -23 + 5 + 12 + -13?
22
What is the value of 15 - 1 - (-33 + (14 - 1))?
34
What is 28 + (-60 + 28 - (-26 - 0))?
22
What is the value of 5 + -6 + (10 + -15 - -4 - -47)?
45
What is 3 - (-4 - (-15 - -1)) - 21?
-28
What is 1 + (26 - (-55 + 42)) - -20?
60
Evaluate 53 + 9 + (47 + -47 - (12 - 1) - -15).
66
Evaluate -39 + (95 - 97) + (-1 - -6) + 1 + -3.
-38
Evaluate (-3923 - -3815) + (1 - -119).
12
What is the value of -178 + 379 + -188 - (-57 - 0)?
70
-70 + (114 - (55 - 7))
-4
What is (2 - -7) + 2 + (60 - -11) + -9 - 2?
71
Calculate 2 - -39 - (1256 + -1248).
33
What is the value of (42 - (14 + -10 + -4 - -5)) + 1?
38
Calculate 1 + -1 + -16 + -2 + (25 - 51) + 32.
-12
Calculate 12 + -3 - (-60 + 63 - 26).
32
What is ((1 - (2 + -1)) + 41 + -33 - 0) + 22?
30
What is 18 + -2 + (-74 - -9)?
-49
Evaluate (4 - 13) + 1 + (-5 - -6) + -2 + -20.
-29
Evaluate -3 + -10 + (-1 + 4 - -4) + (-25 - -52).
21
What is 5 - (-63 - -132 - 53)?
-11
Calculate 173 + -84 - 82 - -11.
18
Evaluate -14 - -27 - (8 + 0 + -20).
25
(3 - -2) + (270 - 292 - (2 + -3 + 2))
-18
7 + (9 - -2) - 4 - (48 - 49)
15
Calculate -11 - (3 - -15 - -9) - (-1 - 11).
-26
Evaluate 3 + (-4 - -2) + (37 - 65) - -1 - 10.
-36
Evaluate (44 - 94 - 19) + 118.
49
What is the value of 0 + -12 - (6 - (10 + -27) - 62)?
27
What is -3 - ((44 - 30) + 6)?
-23
What is the value of 84 - (-30 + -34 + 106)?
42
Calculate -23 + -12 + (-1 + -5 - (347 + -272)).
-116
Evaluate -7 + (-28 - (28 + -10)) - -16.
-37
(28 - -11) + -8 + -137 - -16
-90
What is the value of 10 + (-1 + -12 + 13 + 12 + -6 - 10)?
6
Evaluate -18 + 126 + (51 + -96 - -14).
77
-4 + 10 - (375 + -311)
-58
(-22 + 14 + 15 - (-4 + 10 + 8)) + -41
-48
What is (6 - 100 - 2) + -2 + (-60 - -48)?
-110
What is the value of -19970 + 20029 + 1 + 24?
84
Calculate 56 + (-4 - (4 - 8 - -11)).
45
-2 + (3 - -7) + 76 - (-12 + 25 - 0)
71
Calculate -140 + (147 - -16) + (5 - 2 - 66).
-40
What is (-11 - 83) + -66 + 125?
-35
Calculate 27 - (-121 + 84 + (-1 - -25)).
40
What is (10 - 11) + -10 - (27 + 58 + (-3 - 1))?
-92
What is 1 - ((9 - 21 - -21) + (-2 - 6)) - 18?
-18
What is -3 + -1 + -1 + 3 + (-76 - -35)?
-43
Evaluate (91 - -7) + (29 + -1 - (-204 - -210)).
120
What is (-19 - -2 - (81 + -106)) + -19?
-11
What is 50 + 12 - (300 + -124)?
-114
What is 44 - (2 + 2 + -31 + -34)?
105
Evaluate -38 + (8 - ((-11 - -6) + 12 - 7)).
-30
What is -37 + 101 + 4 - 171?
-103
(6 - 9) + -94 - -4 - (22 + -14)
-101
Evaluate 1 - (210 + -152) - 3.
-60
What is the value of -89 - (8 + 7 - 155)?
51
Calculate 231 - -16 - 140 - 3.
104
Calculate (78 - 7) + (-88 - (-41 - 62)).
86
Evaluate (-3 - 14 - (-88 - -72)) + (-1 - 0).
-2
What is the value of (-82 - 38) + 56 - -94?
30
Calculate (11 - 95) + (32 - -2) + 19.
-31
What is ((11 - 21) + 33 - 26) + (1 - 27)?
-29
(-3 - (-23 + 28)) + -2
-10
Evaluate -9 - (-79 + 16 + 25).
29
What is the value of 2 + 32 + -15 + (4 - 6)?
17
What is the value of -15 + -10 - (41 + -82) - (1 + 43)?
-28
Calculate (22 - (44 + -22)) + 30.
30
-4 - 48 - -94 - 34
8
Evaluate (2 - -66 - 58) + (0 - 7) - (-78 - 0).
81
What is the value of -37 + (-5 - 11) + 6 + (13 - 1)?
-35
(-1 - (-4 - -4)) + (-30 - (-7 - -4))
-28
Evaluate (10 + -19 - -16 - 18) + 22.
11
Calculate 2687 + -2714 + 10 + (0 - 0).
-17
What is the value of 1210 + -1222 + (152 - (1 - (2 + 0)))?
141
-8 + 7 + 4 + 0 - 11 - 7
-15
Calculate -171 + 165 + (-73 - (3 - (-5 + -5 + 15))).
-77
Evaluate -3 - 20 - (-15 + -2 + 8 + 13).
-27
Calculate (-125 - -157) + (6 + 6 + -6 + -2 - 10).
26
Calculate -49 - (-20 + 13) - 7.
-49
Evaluate (17 - 26) + 21 + -4 + 6.
14
Evaluate -35 + -22 - 10 - -19.
-48
What is the value of (-75 - -3) + -2460 + 2523?
-9
What is -13 - -19 - -30 - 14?
22
Calculate 1 + -1 - (20732 + -20825).
93
What is the value of -11 + 30 - 4 - 18 - -27?
24
What is the value of 2 + -11 + (-1 - 17 - (-56 + 48))?
-19
Evaluate 39 - (-131 + 65 - -42).
63
2 + (-12 - -2) + (7 - -31 - (33 + -96))
93
-19 - (-54 - (1 - 17 - -14))
33
Calculate -91 + -63 + 68 + 47.
-39
71 + -40 + -53 + 43
21
Calculate (3 - (57 + -3)) + 5 + (6 - (-8 + 10)).
-42
Evaluate 0 - ((-17 - (-3 - (9 - 1))) + -31).
37
What is the value of (1 - (-41 - -16)) + -8 - (-40 - -13)?
45
33 + 5 - (1801 - 1758)
-5
What is 0 + -31 + (100 - 79) - (3 + -57)?
44
Evaluate 12 + -2 + (5 - -26 - 44) - 49.
-52
What is (52 - (-24 + (-9 - 5))) + 20?
110
What is 13 - (10 + (0 - 3) - (-576 - -591))?
21
What is the value of 14 + -1 - (-32 + (-140 - -150))?
35
Evaluate 88 + 4 + (-11 + -10 + (12 - -9) - 5).
87
What is (82 - 0) + 20 + -74 + 19 + 28 + -7?
68
What is the value of (-1 - 6) + (4859 - 4819)?
33
What is the value of 48 - (154 + -38) - -12?
-56
Calculate 553 + -571 - (-1 + 6 + -61).
38
Calculate (1 - (3 - 2)) + 680 + -679 + 24.
25
(-15 - (-3 - -4 - (10 + 0))) + 95 + -10
79
Calculate 140 + (-54 - -175) + -228.
33
What is (-9 + -2 - -23) + (-24 - -76)?
64
Calculate (7264 - 7246) + 9 + (1 - (1 + 0)).
27
-18 + (-13 - (-7 + -11)) + 1
-12
Calculate -25 + 115 + -47 - (-23 + 0).
66
What is (-3 - (16 + -35 - -16)) + -4 + -7?
-11
What is (32 - 22) + -6 + -2 - (-1 + (-4 - -14))?
-7
Evaluate (-1 - -11) + (-40 - ((51 - 31) + 31)).
-81
What is (23 - 1 - (266 - 245)) + 4 - (88 - 0)?
-83
(2 - 4) + (0 - 5) + (44 - 6) - 0
31
-90 + 129 + -42 - ((2 - 2) + (36 - 4))
-35
Calculate (-126 - -27) + 64 - (0 + 51).
-86
Calculate -2